273.
3, 11, 29
Suppose 2*z - 7*z = 0. Let r = z + 12. What are the prime factors of r?
2, 3
Let r = -1 + 5. Suppose 0 = -r*q + 109 + 31. What are the prime factors of q?
5, 7
Suppose -26*u + 30*u - 536 = 0. Suppose -4*x = -8 - 4. Suppose 2*v + 5*o - x*o - u = 0, -4 = -2*o. List the prime factors of v.
5, 13
Suppose -3*l + 227 = 2. Let j = 133 - l. What are the prime factors of j?
2, 29
Let k = 14 + -9. Suppose -3*p = -0*u + 2*u - 183, -k*p - 15 = 0. What are the prime factors of u?
2, 3
Suppose 262*x - 18480 = 251*x. List the prime factors of x.
2, 3, 5, 7
Let o(n) be the second derivative of n**6/360 + n**5/120 - n**3 - 2*n. Let i(u) be the second derivative of o(u). List the prime factors of i(-2).
2
Let c(r) = -4 + 5*r + 36*r**2 - 67*r**2 + 11*r**3 + 32*r**2. List the prime factors of c(2).
2, 7
Let x(k) = 8*k + 1. Let c = 3 - -2. Suppose -5*o = -5 - c. What are the prime factors of x(o)?
17
Let n = 21 + -23. What are the prime factors of n/(-17) + (-4242)/(-357)?
2, 3
Let n(o) be the first derivative of o**4/24 + 7*o**3/3 - 3*o**2 - 1. Let x(g) be the second derivative of n(g). What are the prime factors of x(0)?
2, 7
Suppose -13 - 7 = -5*n. Suppose 0 = q + 3*r - 52, -q + 5*r - 6*r + 44 = 0. Let j = q + n. List the prime factors of j.
2, 11
Let p(y) = 12*y - 43. Let i be p(9). Let g = -1 + i. What are the prime factors of g?
2
Let t = 64 + -60. Suppose t*g + 3*s - 716 = -g, -2*g = s - 286. List the prime factors of g.
2, 71
Suppose 3*y - 318 = -3*v, -2*y - 49 - 264 = -3*v. List the prime factors of v.
3, 5, 7
Let h = -1 + 4. Suppose -29 - 58 = -h*b. Let c = b + -5. List the prime factors of c.
2, 3
Let q(f) be the third derivative of 1/30*f**5 + 0 + 1/12*f**4 + 3*f**2 + 0*f + 1/6*f**3. List the prime factors of q(3).
5
Let b be ((-1010)/(-10))/(0 + 1). Let x = b + -68. List the prime factors of x.
3, 11
Suppose -5*t + 13 = 43. Let y = t - -19. Suppose 2*d - 5*a - y = 0, 3*a + 5 = d - 2. What are the prime factors of d?
2
Suppose -22 = -5*x + 103. Suppose x = 2*c + 7. Suppose -y + c - 2 = n, 2 = 2*n - y. What are the prime factors of n?
3
Let p(n) = -2 - 4*n + n - 9. Suppose 0*z + s = -3*z - 43, -2*z + 2*s = 18. List the prime factors of p(z).
2, 7
Suppose -40*t = -34*t - 2130. List the prime factors of t.
5, 71
Let g = 13 + -9. Suppose -3*i = h - 188, 0*i - 122 = -2*i - g*h. List the prime factors of i.
3, 7
Let v be 3/2 + (-65)/(-10) + -2. Suppose -9*n + 774 = -v*n. List the prime factors of n.
2, 3, 43
Suppose -3*c + 14 - 2 = 0, 0 = -t + c + 509. What are the prime factors of t?
3, 19
Let t = -11 + 13. Suppose l - p = -4*p - 28, -t*l - 56 = -2*p. Let z = 7 - l. List the prime factors of z.
5, 7
Let j(o) = o**3 - 2*o**2 - 8*o - 3. Let k be -2*(-6 + (-12)/(-4)). Let h be j(k). Let r = -38 + h. List the prime factors of r.
5, 11
Let k = -321 - -474. Suppose -3*a = t - k, -6*t + 717 = -t - a. List the prime factors of t.
2, 3
Let d(k) = 7*k**2 + 61*k + 75. Let t(y) = -10*y**2 - 91*y - 112. Let z(n) = 7*d(n) + 5*t(n). List the prime factors of z(-22).
97
Suppose 3*r = -r. Suppose r*d + 106 = 2*d. Suppose d + 67 = 5*q. What are the prime factors of q?
2, 3
Let u be (-12)/(1 + -4)*4. Suppose -323 - 37 = 6*j. What are the prime factors of (j/u + 2)*-4?
7
Let l(w) = -w**2 - 11*w + 8. Let m = -22 - -12. Let v be l(m). Suppose -4 = -a + v. List the prime factors of a.
2, 11
Let z(a) = -1372*a**3 + 2*a**2 + 17*a + 15. What are the prime factors of z(-1)?
2, 7
Suppose 43 = -4*x + 27. Let j(s) = s + 10. Let w be j(x). What are the prime factors of (-1)/w + (-1030)/(-60)?
17
Suppose -3*n = -5*n. Suppose n = -7*r + 55 + 393. What are the prime factors of r?
2
Let n be ((-20)/30)/((-4)/210). Let m = -35 + n. Suppose m = -3*f + 4 + 182. What are the prime factors of f?
2, 31
Let c(o) = -o**3 + 11*o**2 + 10*o + 24. Let l be c(12). Suppose l = -4*b + 97 + 43. List the prime factors of b.
5, 7
List the prime factors of (-9)/(-15) - 88466/(-140)*6.
2, 3, 79
Suppose 0 = -49*k + 17*k + 44672. List the prime factors of k.
2, 349
Let v = -5 + 0. Let u be (-63)/v + (-6)/10. What are the prime factors of (4 - 28)*u/(-9)?
2
Suppose -18 = -6*z - 6. Suppose -5*s + z*d + 1514 = 0, -4*d - 4 = 4. What are the prime factors of s?
2, 151
Suppose 0 = -2*s + f + f - 16, 5*s = -2*f - 26. Let v = 10 - s. List the prime factors of v.
2
Let d(o) = -4*o - 47. Let k(j) = 2*j + 47. Let c(h) = 5*d(h) + 4*k(h). What are the prime factors of c(-21)?
5, 41
Let h(x) = 13*x**2 - 35*x + 345. List the prime factors of h(21).
3, 13, 137
Suppose z + 2*u - 2 = 4*u, 3*z + 4*u = -4. Suppose -2*i + 3*i - 55 = z. What are the prime factors of i?
5, 11
Let w(u) = -2*u**3 - 8*u**2 - 4. Let r = -46 + 40. List the prime factors of w(r).
2, 5, 7
Let z be (1 + 4338/(-10))/((-8)/20). Suppose i + 2*p = -0*p + 223, 0 = 5*i - p - z. What are the prime factors of i?
7, 31
Let o(v) = 8*v**2 - 4*v - 20. Let m be o(6). Let r = m - 162. List the prime factors of r.
2, 41
Let r = -226 + 767. What are the prime factors of r?
541
Suppose 3960 = 11*v - 5*v. List the prime factors of v.
2, 3, 5, 11
Suppose 0 = -4*g - 7*d + 2*d + 2257, 0 = 5*g - 2*d - 2846. What are the prime factors of g?
2, 71
Suppose 9*g = -9*g + 4536. List the prime factors of g.
2, 3, 7
Suppose 63*i = 14*i + 98490. List the prime factors of i.
2, 3, 5, 67
Let y be ((-4)/10)/1 + 42/105. Suppose y = -2*t + 7*t + 20, -l + 2*t + 115 = 0. List the prime factors of l.
107
Suppose -12*n - 96 = -4*n. Let m = 1 - n. List the prime factors of m.
13
Suppose 1447 - 134 = -13*i. Suppose 49 = -j - 5. Let b = j - i. What are the prime factors of b?
47
Let z(l) = -l - 3. Let g be z(-5). Suppose g*h = 4*s - 194, -h = -3*h + 2. List the prime factors of s.
7
Let a(t) = 83*t + 16. Let b be a(8). Suppose -8*x - 5*p = -4*x - b, 12 = 3*p. What are the prime factors of x?
3, 5, 11
Let h = 44 + -36. Suppose h*z - 9*z = -9. What are the prime factors of z?
3
Let c(p) = 82*p - 194. List the prime factors of c(9).
2, 17
Let g(l) be the second derivative of l**4/2 - l**3/2 + l**2/2 + l. Let d be g(7). Suppose -59 = -j + 4*t, 0 = -j - 3*j - 3*t + d. List the prime factors of j.
67
Suppose -15*s + 21*s - 9030 = 0. List the prime factors of s.
5, 7, 43
Let c = -64 - 25. Let f = c - -165. What are the prime factors of f?
2, 19
Let a = -112 + 180. Suppose -155 - a = -b. What are the prime factors of b?
223
Suppose 2*v - 894 = -v - 5*m, 2*v + 2*m = 596. List the prime factors of v.
2, 149
Suppose 89*x - 2445 = 86*x. List the prime factors of x.
5, 163
Let c = -476 + 1123. What are the prime factors of c?
647
Let i(k) = -k**2 + 17*k + 4. Let a be i(17). Suppose 2*o = 5*z - 102, -5*z - o + 103 = -a*o. List the prime factors of z.
2, 5
Let u = 3 + -3. Let g(k) = k**3 - k + 40. Let i be g(u). Suppose -5*f + 110 = -i. What are the prime factors of f?
2, 3, 5
List the prime factors of 1227 - ((-58)/29 - (-6 - 0)).
1223
Let r(y) be the first derivative of y**2/2 - 3*y + 5. List the prime factors of r(17).
2, 7
Let y be 2*3*(-9)/(-2). Let w(n) = -5*n + 3. Let s be w(-3). Let k = y - s. List the prime factors of k.
3
Let x(c) = -13*c - 9. Let w be x(-2). Let j(k) = -k**3 + 18*k**2 + 4*k - 7. What are the prime factors of j(w)?
2, 5, 7
What are the prime factors of (-1110)/(-35)*(-3 + 10)?
2, 3, 37
Suppose -3*i + 3 = 2*g - 7, 0 = -i. Suppose -g*w + 0*w = -180. Suppose f + 0*b - w = -3*b, -5*b = -5*f + 220. List the prime factors of f.
2, 3, 7
Let q(k) = -k + 1. Let c(f) = f**3 - 4*f**2 - 2*f - 5. Let o(n) = -c(n) - 3*q(n). Let x(t) = -t**2 + 8. Let j be x(2). List the prime factors of o(j).
2, 11
Let u = -155 - -1170. List the prime factors of u.
5, 7, 29
Suppose 0 = 46*d + 22541 - 85147. List the prime factors of d.
1361
Let c(b) = 3*b - 24. Let x(l) = l - 14. Let a be x(6). Let v = a - -18. List the prime factors of c(v).
2, 3
Suppose -3*b + 1683 = w, 68 = -w - 2*b + 1750. List the prime factors of w.
2, 3, 5, 7
Let k = -148 + 312. Suppose 8 = -2*s + k. Suppose 3*d - 3*u = -0*u + s, u = -d + 24. What are the prime factors of d?
5
Let t(b) = b**3 - 21*b**2 - 7*b + 12. What are the prime factors of t(22)?
2, 3, 19
Let q(b) = -4*b - 8. Let v be q(-3). Suppose 2*c - 3*k - 284 = 0, 2*c - v*k = -0*k + 284. Let d = c - 99. What are the prime factors of d?
43
Suppose w - 1867 = 5*o - 6140,